5245050
What is 170545 (base 8) in base 4?
33011211
What is -503537 (base 9) in base 15?
-5d3d1
Convert -650230 (base 7) to base 16.
-1b946
35243562 (base 7) to base 5
1243302120
What is 577120 (base 8) in base 15?
3d1d6
What is -37275 (base 8) in base 13?
-7406
What is 100102210111 (base 3) in base 2?
101101010110010010
What is 112243330 (base 5) in base 15?
a0d2a
-1154121 (base 7) to base 15
-2dc4c
Convert 220580 (base 10) to base 6.
4421112
2135313 (base 6) to base 5
11344143
Convert -13177402 (base 9) to base 4.
-120233322101
-355110401 (base 6) to base 2
-11001011111000111000001
What is 255716 (base 8) in base 10?
89038
What is -100021303002 (base 4) in base 9?
-7863486
421286 (base 9) to base 13
89bcb
-272762 (base 10) to base 5
-32212022
5783a4 (base 11) to base 8
3402523
Convert -312404423 (base 5) to base 16.
-13c01b
-2002111001 (base 3) to base 2
-1010000011011000
What is 21973 (base 13) in base 16?
ee06
256d86 (base 15) to base 6
102251000
What is 14252371 (base 9) in base 3?
111021202102101
Convert 116358 (base 9) to base 12.
34808
Convert -4355035 (base 6) to base 14.
-593c3
Convert 309063 (base 11) to base 10.
495201
What is 75777 (base 12) in base 9?
255421
Convert -9251276 (base 11) to base 9.
-33665580
What is -10310645 (base 7) in base 16?
-d6094
What is 316106 (base 7) in base 13?
1c00a
What is -35062335 (base 8) in base 9?
-15315572
111010111010101010100011 (base 2) to base 16
ebaaa3
58456 (base 10) to base 4
32101120
Convert 4211203 (base 5) to base 12.
34301
14552 (base 8) to base 12
3922
Convert -43034002 (base 6) to base 8.
-4645522
-3231041120 (base 5) to base 8
-32227345
8ccb (base 13) to base 4
10310323
1477b1 (base 12) to base 11
216239
-11001000101110001010011 (base 2) to base 12
-225232b
11a615 (base 11) to base 7
1420122
Convert 215716 (base 9) to base 15.
282c6
2212102200 (base 3) to base 4
31302000
40246343 (base 7) to base 9
6250085
What is -103422300 (base 5) in base 6?
-13402343
What is 263d8 (base 14) in base 13?
33a86
Convert 2408518 (base 12) to base 7.
113226164
What is -32250330 (base 7) in base 2?
-1010011111110011100010
What is 100001111010011 (base 2) in base 13?
7b98
What is -1434304 (base 9) in base 11?
-49a9a1
-4020342 (base 5) to base 4
-33211213
144510313 (base 7) to base 2
100100101011101100100010
Convert -2462a (base 11) to base 7.
-205050
-a3553c (base 14) to base 7
-64551005
Convert 110344400 (base 5) to base 12.
1b25a1
What is -240342144 (base 5) in base 3?
-2002012001011
Convert 122100210120 (base 3) to base 12.
145936
What is 1000210011120 (base 3) in base 12?
224589
Convert -811c8 (base 13) to base 6.
-4541310
Convert 7083a (base 12) to base 3.
21102202101
What is 64488 (base 13) in base 3?
100012012120
Convert 24210 (base 6) to base 7.
13206
Convert 11010101011 (base 2) to base 3.
2100020
What is -10001110100110110001 (base 2) in base 10?
-584113
What is -22ca31a (base 13) in base 3?
-202020201220201
What is -11043242104 (base 5) in base 9?
-24662411
Convert 24a7ca (base 16) to base 10.
2402250
4dd851 (base 15) to base 7
43541542
Convert -20427 (base 11) to base 6.
-345535
Convert 36699 (base 14) to base 4.
200132133
-1b504 (base 16) to base 13
-3bbcb
-396a5 (base 14) to base 2
-100010011111010001
What is 10220112021220 (base 3) in base 15?
2b06a9
982948 (base 10) to base 6
33022404
Convert 288801 (base 9) to base 16.
2b3ab
Convert -2525001 (base 8) to base 14.
-1429a1
-102122201122 (base 3) to base 9
-378648
What is 4202001240 (base 5) in base 10?
8625195
Convert 24018 (base 9) to base 16.
3eb7
Convert 49aa04 (base 15) to base 3.
20122022001111
What is 32442401 (base 5) in base 7?
2250113
What is 36423211 (base 7) in base 2?
1100011001011000011000
-243234204 (base 6) to base 2
-10001101100101001011100
Convert -12226258 (base 9) to base 5.
-3012403120
Convert -1401331344 (base 5) to base 14.
-68311a
What is 184d4d (base 15) in base 4?
10200103021
312f2 (base 16) to base 13
7090a
30000331 (base 4) to base 11
33a7a
Convert 33322021023 (base 4) to base 13.
b30256
-d05fc (base 16) to base 3
-1121100210010
What is -34152 (base 7) in base 4?
-2013111
What is 13023323123 (base 4) in base 2?
111001011111011011011
12233420 (base 6) to base 9
658683
What is 2201021312 (base 4) in base 12?
279bb2
Convert -230441221 (base 5) to base 13.
-2a1262
Convert -1a3770 (base 12) to base 11.
-296506
24692 (base 15) to base 11
7a370
9360b5 (base 15) to base 9
14158308
-21b7b (base 14) to base 3
-11011021011
What is -ccb12 (base 13) in base 5?
-43332340
Convert -11000100110112 (base 3) to base 16.
-208ab7
-ca879 (base 14) to base 16
-77a7b
1002120101011121 (base 3) to base 15
15a61ed
Convert -11212222 (base 5) to base 6.
-2055145
Convert 442314502 (base 6) to base 10.
7957190
Convert -d623 (base 14) to base 10.
-36879
Convert 961969 (base 12) to base 14.
458881
What is 15a7 (base 14) in base 2?
111100011111
-1011011010001010101 (base 2) to base 12
-160419
-663862 (base 13) to base 10
-2407147
What is 110010011111001110000 (base 2) in base 15?
22a2c4
What is -11221031 (base 4) in base 12?
-11465
-27166370 (base 8) to base 4
-113032303320
What is -2365645 (base 8) in base 13?
-199c06
Convert -31321123 (base 5) to base 7.
-2134213
55221322 (base 6) to base 9
3086315
What is -1003020330 (base 4) in base 14?
-72312
Convert -232121203 (base 4) to base 16.
-2e663
7114735 (base 8) to base 7
21634500
-667409 (base 10) to base 11
-416486
Convert -7c1f4 (base 16) to base 6.
-14521420
Convert 2471510 (base 11) to base 15.
59b975
-244cd (base 16) to base 6
-3104205
387783 (base 9) to base 6
5013420
1003333110 (base 4) to base 3
112011000020
Convert -3a993 (base 14) to base 11.
-99698
Convert 2a2634 (base 13) to base 15.
1563ec
-151982 (base 10) to base 15
-30072
103022333 (base 4) to base 10
78527
What is -33265453 (base 8) in base 6?
-413410231
What is 15bb (base 16) in base 8?
12673
Convert -65535464 (base 7) to base 16.
-55cbaa
-321321031132 (base 4) to base 5
-12341122132
Convert -b4062 (base 16) to base 5.
-142044003
Convert 1010000111111100001 (base 2) to base 8.
1207741
9011 (base 16) to base 15
addb
223212312 (base 4) to base 16
2b9b6
Convert 332322320 (base 4) to base 5.
31221340
What is -11011100101000110 (base 2) in base 10?
-112966
Convert -1100110110100000110010 (base 2) to base 9.
-6304364
11210230033 (base 4) to base 5
333223012
-1b1a1 (base 15) to base 2
-10101100000111110
92548 (base 11) to base 7
1101562
Convert -11101011101100000101001 (base 2) to base 9.
-15471025
-111232230 (base 5) to base 12
-1b923b
Convert -110111001101100010 (base 2) to base 10.
-226146
What is 1440113221 (base 5) in base 10?
3832311
What is 1957a16 (base 11) in base 8?
14466501
-4a8a7a (base 13) to base 15
-255634
Convert -8ab387 (base 13) to base 8.
-14407543
What is -172a46 (base 12) in base 15?
-7d309
2144251 (base 6) to base 2
11010001011100111
What is -132312 (base 7) in base 3?
-1021002110
Convert -230650 (base 8) to base 4.
-103012220
What is -d5575 (base 14) in base 15?
-a255b
11201220021011 (base 3) to base 15
34ad8a
Convert 35004220 (base 8) to base 15.
a0322d
-21234253 (base 7) to base 12
-731904
-1535115 (base 6) to base 4
-112012313
What is -943d7 (base 16) in base 5?
-123412231
What is -11001100100101010001 (base 2) in base 10?
-837969
What is 1201123111 (base 4) in base 10?
399061
-669222 (base 10) to base 2
-10100011011000100110
Convert 37777 (base 8) to base 7.
65523
-176171 (base 12) to base 9
-675874
-1585272 (base 9) to base 12
-367032
What is 62088 (base 12) in base 16?
1f3e8
What is -134964 (base 15) in base 4?
-3202102111
What is -4310125 (base 6) in base 13?
-7523c
-92736 (base 10) to base 16
-16a40
What is -124071 (base 8) in base 15?
-cb60
31351441 (base 7) to base 3
11222200212021
What is -1050411404 (base 6) in base 13?
-2500045
What is -2644673 (base 9) in base 10?
-1446888
Convert -29806 (base 15) to base 16.
-20937
-111011001000100010100 (base 2) to base 5
-444001214
Convert 5a0929 (base 11) to base 8.
3504721
What is 121bcc (base 13) in base 10?
432639
Convert 1231432443 (base 6) to base 16.
db19cb
Convert 149cb3c (base 13) to base 9.
13364717
-764a00 (base 11) to base 2
-100101010010001101001
What is -4713750 (base 10) in base 12?
-16b3a46
2100146 (base 10) to base 6
113002522
Convert b39b61 (